 38. Let y(d) = 32*d**2 - 11*d**2 + d - 16*d**2 + 1 - b - 3*d**2. Calculate y(5).
54
Let w(g) = -g**2 - 10*g + 6. Let h(c) = -c**3 + 2*c**2 - 29*c + 87. Let u be h(3). Determine w(u).
15
Let x(h) = -h**2 - 9*h + 21. Let w(y) = 2*y**2 + 21*y - 46. Let z(j) = 2*w(j) + 5*x(j). Give z(0).
13
Let r be (2577/18 - 4) + 2/(-12). Suppose 0 = 15*l - 11 - r. Let h(o) = 2*o - 15. Determine h(l).
5
Let o(k) be the second derivative of -k + 11*k**2 + 42 - 1/6*k**3. What is o(17)?
5
Let y(v) be the first derivative of v**4/4 + 6*v**3 - 2*v**2 - 20*v + 1016. Calculate y(-18).
52
Let y(o) = 81*o + 62. Let q(k) = -67*k - 61. Let d(s) = 6*q(s) + 5*y(s). Determine d(22).
10
Let x(h) = -9*h + 57. Let j be x(6). Let c(g) = 4 + 10 - j - 10*g - 11. What is c(-2)?
20
Let u(l) be the first derivative of -2*l**2 - 1/3*l**3 + 54 - 6*l. Give u(-6).
-18
Let i(y) = 6*y**2 - 4*y + 1. Let d = -38 + 80. Let f(n) = -d - n + 22 + 20. Let g(x) = 2*f(x) - i(x). Give g(1).
-5
Let l = 1659 + -1660. Let g(n) = 52*n + 1. Determine g(l).
-51
Let t(x) be the second derivative of x**5/20 - 17*x**4/12 + 9*x**3 - 45*x**2/2 + 1529*x + 4. Calculate t(13).
-19
Let x(a) = -a - 4. Let m be (-1)/3 + (2728/(-24) - -5). Let c = m + 157. Suppose -c = -6*t + 12*t. Give x(t).
4
Let m(n) = -22*n**2 - 187*n - 28. Let o(t) = -3*t**2 - 3*t + 2. Let b(v) = -m(v) + 6*o(v). What is b(-42)?
-2
Let x(s) = 6*s**2 - 5*s + 10. Let n be x(3). Let l(h) = -10*h - 16*h - 9*h + 11 + n*h - 17*h. What is l(8)?
-13
Let y(k) = -11*k**2 - 13*k - 14. Let i(c) = 19*c**2 + 23*c + 27. Let m(o) = -4*i(o) - 7*y(o). Let u = 6 - 6. Give m(u).
-10
Suppose 51*n - 47 = -353. Let s(v) = -13*v - 77. Determine s(n).
1
Let f(k) = -305484*k**3 - k + 152744*k**3 + 7*k**2 + 152739*k**3 - 34. What is f(6)?
-4
Suppose 2*k - 3*j = 2, 0 = -k - 2*j - 2*j + 1. Let g(f) = k - 3*f**2 + f**3 - 11 - 9*f - 11*f + 0*f**3 + 22*f. Give g(3).
-4
Let l(p) be the third derivative of p**5/15 + 7*p**4/24 + 7*p**3/6 - 2903*p**2. What is l(-4)?
43
Let m(v) = v**3 - 3*v**2 - 2*v - 2. Suppose 105 + 27 = -w. Let y = 131 + w. Let g be (-20)/(-5) + 1 + y. What is m(g)?
6
Let t(s) = -s**2 - 8*s + 5. Suppose -60 = -6*w + 11*w. Let k be 3/w - (-5)/((-120)/186). Calculate t(k).
5
Let r(u) = -3*u + 109. Let h be 10/4*(24 + (-5 - -4) + -13). Calculate r(h).
34
Let z(r) be the third derivative of -7*r**6/120 - r**5/20 + r**4/8 + r**3/3 + 18*r**2 - 7. Calculate z(1).
-5
Let b(w) = 8*w - 5. Suppose -128 - 4 = -12*u. Let j be -7*6/(-231) - (-64)/u. What is b(j)?
43
Suppose 0 = -2*f + 4 + 4. Let n(a) = 3*a**3 - 8*a. Let u(z) = -10*z**3 + z**2 + 22*z + 6. Let t(r) = -3*n(r) - u(r). Calculate t(f).
50
Suppose 5*a = -4*w - 3, 2*a - 7 = a + 3*w. Let p(o) be the third derivative of 0*o + 28*o**2 + 0 + 1/12*o**4 + 1/6*o**3. What is p(a)?
3
Let b(o) = o**2 + 70*o + 541. Let m be b(-61). Let h(p) = -p**3 - 9*p**2 - p - 7. Calculate h(m).
-63
Let z(b) = 5*b**3 + 2*b**2 + b - 131. Let o(g) = -5*g**3 - 2*g**2 - g + 105. Let p(s) = -5*o(s) - 4*z(s). Calculate p(-1).
-5
Let t(i) = 2*i**2 + 16*i - 135. Suppose 1585 = 565*n - 1240. Calculate t(n).
-5
Let k(d) = d**3 - 2*d**2 + 3*d - 1. Suppose 0 = -4*o + 5*i - 266, -o - 56 = 4*i - 0*i. Let v = -60 - o. Suppose v = 6*t - 8. What is k(t)?
5
Let j = -119 + 122. Suppose -c - j*c = 4*d - 16, -2*c - 4 = -4*d. Let m(t) = t**2 - t + 2. Determine m(d).
4
Let o(n) = -n**3 - 4*n**2 + n + 13. Suppose 2296*h - 3*x = 2293*h - 21, 4*h - 2*x + 22 = 0. Determine o(h).
9
Let u = 53 + -50. Suppose 5*b - 13 = u*k + 7, 2*k - 2*b = -12. Let p(j) = -3*j - 1. What is p(k)?
14
Suppose -24*i + 4123 + 2765 = 0. Let x = 286 - i. Let h(b) = 15*b**2 + 2*b - 3. Let l(g) = 15*g**2 + 2*g - 4. Let d(m) = -5*h(m) + 4*l(m). What is d(x)?
-14
Let h be -1 + 6 + 21/(-3). Let a(c) = -c**3 + c**2 - 4*c - 1. Let f(g) = g**3 - 2*g**2 + 3*g + 2. Let i(x) = h*a(x) - 3*f(x). What is i(3)?
2
Let c(b) be the second derivative of b**5/20 + 8*b**4/3 - b**3/3 - 69*b**2/2 - 25*b - 137. Calculate c(-32).
-5
Let s(o) = 2*o**2 - 32793 - 6*o + 2*o**2 - 3*o**2 + 32781. Give s(-2).
4
Let z(q) = 36*q - 68. Let u(a) = 35*a - 69. Let d(n) = -3*u(n) + 2*z(n). What is d(2)?
5
Let f(m) = -2*m - 10. Let q(d) = d. Let u(s) = -f(s) - q(s). Suppose -47*n = -48*n - 6. Give u(n).
4
Let z(g) = -g**3 + 6*g**2 - 11*g + 12. Let l be z(3). Let t(i) = -i**2 + 22*i - 97. Give t(l).
-1
Let x(m) = -2*m**2 - 4*m + 3. Let b(c) = -c**3 + 11*c**2 + 6*c - 9. Let v(l) = b(l) + x(l). Suppose 16 - 61 = -5*f. Calculate v(f).
12
Let m(f) = -f - 4. Suppose -90 = 40*v - 41*v. Let i be -2 - (1*-99 - 0). Let n = i - v. Give m(n).
-11
Let b(z) = -3*z**3 + 179*z**2 - 119*z + 62. Let j be b(59). Let m(a) be the first derivative of j*a + 2*a**3 - 1 - 1/4*a**4 - 3*a**2. Calculate m(5).
-2
Suppose 0 = -2*w + 5*o + 24, 2*w + 5*o = -2*w - 12. Suppose 2*p - d = 21, -2*p + 3*d + w = -13. Let j(l) = -p + 18 - l - 9. Calculate j(0).
-3
Let k(p) = -7*p**3 - 23*p**2 + 8*p + 83. Let c(x) = 4*x**3 + 11*x**2 - 3*x - 42. Let o(s) = 9*c(s) + 5*k(s). Calculate o(15).
7
Let p(s) = -248*s + 3. Let u be p(-1). Let z = u - 248. Let h(y) = y**3 - 3*y**2 - y + 4. Determine h(z).
1
Let s(l) be the third derivative of -1/8*l**4 + 1/120*l**5 + 0*l + 15*l**2 + 3/2*l**3 + 0. Let p(j) be the first derivative of s(j). Determine p(3).
0
Let c(h) = -h**3 + 8*h**2 + 2*h - 8. Suppose 0 = 13*r - 10*r - 123. Let l = r - 43. Let m(v) = -v**3 - 2*v - 4. Let n be m(l). Determine c(n).
8
Let g(z) = -22 - 3*z**2 + 5*z + 44 - 23. Calculate g(2).
-3
Let a(z) be the second derivative of z**4/12 + 2*z**3/3 + 2*z**2 - 22*z. Let c be 2 + -5 - (3 - 18 - -4). Suppose -c = 6*d - 4*d. Determine a(d).
4
Suppose -440*b - 157*b - 63*b + 1612 = 146*b. Let a(o) = -3*o - 3. Let f(j) = -2*j - 3. Let q(h) = 4*a(h) - 5*f(h). Give q(b).
-1
Let v(c) be the second derivative of -c**6/120 - c**5/5 + 7*c**4/12 + 3*c**3 + 181*c**2/2 + 3*c + 12. Let u(q) be the first derivative of v(q). Give u(-13).
5
Let y(c) = -c**2 + c + 1. Let q(o) = -2*o**2 + 5*o - 2*o**2 + 6 - o**2. Let v be 20/(-3) - (10 - 64/6). Let s(r) = v*y(r) + q(r). Calculate s(-1).
2
Let d(p) be the second derivative of p**5/20 + 7*p**4/6 + 5*p**3/2 + 12*p**2 + p - 35. Determine d(-13).
-2
Let l = 21 - 11. Let a = 1 - l. Let v(h) = 3208*h + 8*h**2 + 0*h**2 + h**3 - 3216*h + 1. Calculate v(a).
-8
Let s = -187 + 226. Let n(o) = 9*o - 69 + 31 + s. Give n(-1).
-8
Let n(h) = 22*h**2 - 37*h**2 - h**3 - 5*h + 26*h - 4*h**2 + 24. Let t be 170/(-9) - (-1280)/(-1152). What is n(t)?
4
Let d(c) = -c**2 - 5*c + 6. Suppose 15*a - 16*a + 3 = 0. Let x(u) = -2*u**3 + 6*u**2 - 3*u + 7. Let w be x(a). Let l = -9 - w. Determine d(l).
-8
Suppose -x = -6*k + 5*k - 2, -10 = -3*x + 2*k. Let v be 1*((-82)/123)/((-4)/x). Let p(c) = -7*c**2 + c. Determine p(v).
-6
Let w(c) = c**2 - 10*c + 1. Let a(l) be the first derivative of -l**3/3 - 21*l**2/2 - 45*l - 54. Let d be a(-18). Calculate w(d).
-8
Let h be (-5)/(-25) - 110/50. Let x(q) = 2*q. Determine x(h).
-4
Let o be ((-2796)/(-63))/(-4) - 6*(-7)/441. Let q(j) = -3*j + 30. Calculate q(o).
63
Let c(q) = -9*q + 6*q + 110 - 114 - 5*q. Give c(-10).
76
Let g be (2 + -5)/((-24)/16). Let q(p) = 361*p**g - 730*p**2 + 370*p**2 + 7*p. What is q(-5)?
-10
Let r(u) = u**3 - 11*u**2 - 14*u + 8. Let v be r(12). Let d = 19 + v. Let y(c) = -6*c**2 + 1. Let j(k) = 5*k**2 - k. Let q(x) = 5*j(x) + 4*y(x). What is q(d)?
-2
Suppose -3*q + 1 = -11. Suppose 0 = -q*o + 14 + 10. Let v(k) = 2 + 6 - 4*k + 2*k. What is v(o)?
-4
Let m be 2*5/(-20)*-6. Suppose -m*j - 7*j = -40. Suppose 0 = c - 5*d - 0*d - 16, 0 = 2*d + j. Let y(l) = -l + 7. Give y(c).
1
Let u = 19150 - 19146. Let g(j) = j**3 - 13*j**2 + 44*j. Calculate g(u).
32
Let m be (-418)/(-77) + (-30)/21 - (1 - -6). Let a(t) = 21*t + 54. Give a(m).
-9
Let k(f) = -5*f**2 - 8*f + 9. Let z(c) = 3*c**2 + c - 1. Let i(h) = -k(h) - 5*z(h). Give i(1).
-11
Let z = -330 - -335. Let w(b) = 4 + z + 1 - 7*b - b**2 + 1. What is w(-9)?
-7
Let g(s) be the third derivative of 1/12*s**4 + 1/120*s**6 + 56*s**2 - 1/15*s**5 + 0*s + 0*s**3 + 0. Calculate g(3).
-3
Let p = -15 + 45. Let a be (1/2)/((-5)/p). Let j(i) = i**3 + 3*i**2 + 2*i + 2. Let y(d) = 2*d**3 + 5*d**2 + 3*d + 5. Let c(u) = 5*j(u) - 2*y(u). Determine c(a).
6
Let s = 8032 + -8028. Let u(n) be the third derivative of 7*n**2 + 0*n + 0 - 1/30